e tens digit of n?
4
Suppose 2*k - 48 = -10*k. Suppose k*p + 4*l = 3 + 465, -2*l - 356 = -3*p. What is the tens digit of p?
1
Let m(v) = 120*v**2 + 14*v + 31. What is the tens digit of m(-2)?
8
Suppose 0 = -5*k - 5*m + 8700, -6966 = 4*k - 8*k + 2*m. Suppose b - 2*y = 357, -4*b - y = b - k. What is the units digit of b?
9
Suppose -9*p + 7*p = -90. Let b be (1*-3)/(p/(-1740)). Let h = b + 143. What is the tens digit of h?
5
Suppose -3*l + 4 = 2*u, -u + 2*l = l - 7. Let k(w) = 9*w**2 - u*w - 12 + 2*w**2 + 0*w**3 + 0*w**2 - w**3. What is the tens digit of k(10)?
3
Suppose 20*h = 4*h - 576. Let v = 35 + h. Let z = 69 - v. What is the tens digit of z?
7
Suppose -17*k + 9*k + 8635 = -3*k. What is the units digit of k?
7
Suppose -3*n - 96 = -2*l, -l = 2*n + 3*l + 64. Let q = n + 34. Suppose -q*r - 13 + 73 = 0. What is the tens digit of r?
3
Let z = -18 + 18. Suppose z = -9*y + 6*y + 3*u + 627, 9 = 3*u. What is the hundreds digit of y?
2
Let w(k) = 44*k**2 + k. Let p be (-8)/16*(-1 + 3). What is the tens digit of w(p)?
4
Suppose 0 = 9*n + n - 8690. Let z = n - 461. What is the tens digit of z?
0
What is the units digit of 34/(-357) - 43267440/(-504)?
8
Let m = -149 - -152. Let f(o) = 35*o**2 - 9*o - 2. What is the units digit of f(m)?
6
Let f(j) = 8764*j - 471. What is the hundreds digit of f(3)?
8
What is the ten thousands digit of 352/(-96)*(1 + 2) + 75018?
7
Let i = -399 + 39. Suppose 20*z + 5*z - 5*z = -4080. Let s = z - i. What is the tens digit of s?
5
Suppose -5*p + 1 = -34. Let l(f) = -309*f + f**2 + 41 - 22 + 316*f. What is the tens digit of l(p)?
1
Let y(q) = 47*q + 36. Let n be y(4). Suppose -400 = -6*t + n. Let c = t - -105. What is the hundreds digit of c?
2
Let p = -123 - -113. What is the hundreds digit of (-1048)/(-12)*(-15)/p?
1
Suppose -132363 = 36*n - 47*n. Suppose -10*h = -19*h + n. What is the hundreds digit of h?
3
Let s = 263 - 263. Suppose 0 = -2*p - t + 3133, s*p - 5*t = -2*p + 3127. What is the thousands digit of p?
1
Let z(o) = -842*o + 472. What is the tens digit of z(-7)?
6
Let r = 97386 - 54440. What is the ten thousands digit of r?
4
Suppose -3*m + 54 = 3*b, -5*b + 55 + 35 = -m. Suppose -2089 = -b*n + 9557. What is the units digit of n?
7
Let q = 14 - 12. Suppose 12196 = 3*d + h, -q*d + 5*h = -1001 - 7107. What is the tens digit of d/40 - 4/(-10)?
0
Let i(s) = s**3 - 49*s**2 + 373*s - 231. What is the tens digit of i(47)?
8
Let i be ((-115)/(-3))/(82/(-42) - -2). Suppose -12*c - i = -5*m - 11*c, -345 = -2*m + 5*c. What is the units digit of m?
0
Let n be 272/80 - -4*2/(-20). Suppose 0 = -2*f - 2, -8*s = -3*s + n*f - 17. Suppose 0 = q - s*q + 3*r + 117, 3*q + 2*r - 122 = 0. What is the tens digit of q?
4
Let t(y) = y**2 + 9*y. Let i be t(-10). Let v be 2 - ((-64)/i)/((-4)/(-70)). Let z = 201 - v. What is the tens digit of z?
8
Suppose z = 4*n + 4*z - 21062, -5*n = -2*z - 26339. What is the units digit of n?
7
Let c = 202 + -198. Suppose -3*b = -5*q + 377 + 413, -c*b + 474 = 3*q. What is the units digit of q?
8
Suppose -3*v - 16 = -2*a - 3*a, 12 = 4*a - 2*v. Let l(t) = -23*t**a + 9*t - 14*t + 27*t**2 + 8. What is the units digit of l(-5)?
3
Suppose 4*x - 62529 = 5*b + 6223, -85940 = -5*x + 2*b. What is the tens digit of x?
8
Let q(j) = 81*j + 2. Let r(t) = -2*t - 10. Let s be r(-6). What is the units digit of q(s)?
4
Let z be 63*-3*78/(-18). Let o = -233 + z. What is the units digit of o?
6
Suppose 111 + 29 = 4*h. Let c = 944 - 791. Suppose 0 = -2*q + c - h. What is the tens digit of q?
5
Suppose -5*p - 6 = 4*h, 3*h + 7*p - 2*p = -7. Let q be 22/4*(h + -3). Let s = q + 81. What is the tens digit of s?
7
Let d(b) = 2*b**2 - 343*b - 3153. What is the hundreds digit of d(187)?
6
Let b be (-1)/(1*(4/4)/(-4)). Let s(j) = -j**2 - 4*j. Let z be s(-3). Suppose f + 426 = b*f + z*r, f = -2*r + 142. What is the hundreds digit of f?
1
What is the hundreds digit of (-135918)/(-4) - 2/((-120)/(-90))?
9
Let q(t) = 26*t + 690*t**2 - t - 682*t**2 + 3. What is the units digit of q(-13)?
0
Suppose -3*z + 7*z - 2*q - 24 = 0, 4*z = -2*q + 32. Suppose -27 - 183 = -z*g. What is the units digit of g?
0
Suppose -2*c - l + 9 = -2*l, 2*c - 3*l = 7. Suppose -c*v + 86 = 2*d + 5, 4*v = 2*d - 54. What is the units digit of d?
3
Let f = 14 - 9. Let k(m) = -3 + 17 - 9 + 7*m**2 - m**3. What is the tens digit of k(f)?
5
What is the tens digit of (1 + 1)*(-938)/(-268) - -709?
1
Let j(a) = 26*a**2 - 4*a - 3. Let g(q) = 2*q**3 + 51*q**2 + 25*q - 3. Let y be g(-25). What is the units digit of j(y)?
3
Let k be (-15)/50 + (-92)/(-40). Suppose 2001 = 5*h + v - 963, k*h - 4*v = 1168. What is the units digit of h?
2
Let h = -20164 + 28569. What is the tens digit of h?
0
Suppose f - 20 = -0*n - n, 0 = -2*f + 4*n + 28. What is the units digit of (-126)/(-567) - (-3326)/f?
5
Let p(f) = -220*f**3 - 6*f**2 - 5*f + 2. Let j = 363 + -365. What is the tens digit of p(j)?
4
Suppose -2*z + 4*r + 308 = 0, z - 3*r = -4*z + 749. What is the hundreds digit of (0 - -23)*5/20*z?
8
Let z = -9738 - -17018. What is the units digit of z?
0
Let i(k) be the first derivative of 11*k**4/24 + 3*k**3/2 + 4*k**2 + 6. Let b(s) be the second derivative of i(s). What is the tens digit of b(10)?
1
Let n(w) = -w**2 + 20*w + 15. Let x be n(24). Let r = x + 140. Suppose 57*s = r*s - 276. What is the hundreds digit of s?
1
Let a(o) be the second derivative of 5*o**3/3 + 331*o**2 - 21*o + 1. What is the hundreds digit of a(0)?
6
Let r = -376 + 380. Suppose 5*g - 2860 = -r*z, -z + 702 = 10*g - 12*g. What is the units digit of z?
0
Let c = -740 - -743. Suppose 0 = 3*p - l - 1822, 2425 = 4*p - 0*l + c*l. What is the hundreds digit of p?
6
Suppose -4*g + 9390 = -6*d + 4*d, -2*g - 3*d + 4715 = 0. Let b = g - 851. What is the units digit of b?
9
Let q(t) = -194*t**3 + 54*t + 200. What is the thousands digit of q(-4)?
2
Suppose 459*v - 4004044 - 8812154 = 0. What is the tens digit of v?
2
Let t(u) = 3*u**2 - 80. Let o be 10/(-4)*16/(-5). What is the units digit of t(o)?
2
Suppose -11*v - 10*v + 8988 = 0. Let l = -49 + v. What is the hundreds digit of l?
3
Let j(n) be the first derivative of -37*n**2/2 - 33*n + 18. Let q be j(-5). Suppose -748 + q = -4*y. What is the tens digit of y?
4
Let y be ((-12)/(-5))/(1/5). Suppose 9 - 5 - 4 = -10*w. Suppose w = y*t - 2*t - 820. What is the tens digit of t?
8
Let u(v) = -4*v**2 - 27*v + 7. Let x be u(-14). Let s = 579 + x. What is the tens digit of s?
8
Let f be 1/(-3) + (323232/18)/13. Let w = f + 226. What is the tens digit of w?
0
Let r be -1 + -5 + (-2)/1. Let t(o) be the second derivative of -o**4/12 - 2*o**3 + 8*o**2 - 23*o. What is the tens digit of t(r)?
4
Suppose 0 = -456*n + 382*n + 569060. What is the hundreds digit of n?
6
Let p(b) be the first derivative of b**3/3 + 17*b**2/2 - 63*b + 43. What is the tens digit of p(23)?
5
Let c = 2185 + 610. What is the hundreds digit of c?
7
Let w(p) = p**3 + 3*p**2 - p. Suppose -16 = -2*g + 3*j - 5, 3*g + 5*j = 7. Suppose 11 = g*i + 3*m - 7, 0 = -4*i - 2*m + 16. What is the units digit of w(i)?
1
Let u(k) = -551*k + 33. Let r be u(-7). Suppose r = 4*p + 2*c, 6*c - 1951 = -2*p + 7*c. What is the units digit of p?
4
Let v(n) = -3*n**3 - 3*n**2 + 14*n + 8. Let j be v(-7). Suppose 0 = -3*p - 5*l + j - 252, 0 = -3*l. What is the tens digit of p?
8
Suppose 8*s + 16*s - 1070860 = -21628. What is the ten thousands digit of s?
4
Let c(s) = -507*s + 19926. What is the thousands digit of c(0)?
9
Let b = -126 - -143. Suppose b*v - 20*v = -792. What is the tens digit of v?
6
Let a be (-36)/16 + 2 + 27/12. Suppose -46*f = -47*f + a. What is the tens digit of (-3*(-2 + 0))/f - -79?
8
Let a be 4 + -13 - (-28)/(-4). Let g(b) = -52*b - 40. What is the hundreds digit of g(a)?
7
Let n = 348 + -1515. Let u = 1659 + n. What is the tens digit of u?
9
Let o(h) = 2*h**2 + 51*h + 1369. What is the tens digit of o(-23)?
5
Suppose 38*x + 253893 = 439953 + 533812. What is the thousands digit of x?
8
Let z be 18*(8/12 - 0/(-3)). What is the units digit of 1/((1/(-237))/((-4)/z))?
9
Suppose 5*p = -5*w, 10 - 2 = 3*p - w. Suppose p*a + 2*u + 3*u = 23, 0 = 4*a - 3*u - 7. What is the units digit of ((-1555)/a)/(-5) + 2/8?
8
Let b(y) = -5*y + 24. Let n be b(2). What is the units digit of -3 - -2 - -487*n/7?
3
Suppose -28*v + 1303 = -5893. Suppose 0 = 